{"id":681,"date":"2019-07-16T23:52:02","date_gmt":"2019-07-16T20:52:02","guid":{"rendered":"http:\/\/localhost\/wp\/?post_type=product&#038;p=681"},"modified":"2023-09-12T17:52:12","modified_gmt":"2023-09-12T14:52:12","slug":"gigaset-n720-ip-pro","status":"publish","type":"product","link":"https:\/\/www.alsestelekom.com\/index.php\/urun\/gigaset-n720-ip-pro\/","title":{"rendered":"Gigaset N720 IP PRO"},"content":{"rendered":"<p class=\"text-primary\">&Ouml;l&ccedil;eklendirilebilir olarak tasarlanm&#305;&#351; g&uuml;venilir ve b&uuml;y&uuml;meye a&ccedil;&#305;k Gigaset N720 IP PRO<\/p>\n<p class=\"bodytext\"><b>B&uuml;y&uuml;yen organizasyonlar i&ccedil;in ideal olan veya daha b&uuml;y&uuml;k i&#351;letmeleri de kapsayacak olan Gigaset N720IP sistemi, 100&rsquo;e kadar DECT el cihaz&#305;n&#305;, 30&rsquo;a kadar paralel aramay&#305; destekleyebilir ve kapsam&#305;n geni&#351;letilmesi ve kullan&#305;c&#305; say&#305;s&#305;n&#305;n art&#305;r&#305;lmas&#305; i&ccedil;in 30&rsquo;a kadar baz istasyonuna kolayl&#305;kla ba&#287;lan&#305;lmas&#305;n&#305; sa&#287;lar.<\/b><\/p>\n<p class=\"bodytext\">N720IP ayn&#305; zamanda, b&uuml;y&uuml;mekte olan i&#351;letmelere esnek ileti&#351;im se&ccedil;ene&#287;i sunmak i&ccedil;in, bina i&ccedil;i ve bulut tabanl&#305; PBX&rsquo;i destekler. N720IP sistemi, ofisinizin her bina i&ccedil;i Gigaset pro el cihazlar&#305;n&#305;z&#305; destekleyecek temel sistemdir.<\/p>\n","protected":false},"excerpt":{"rendered":"<p>\u00d6l\u00e7eklendirilebilir olarak tasarlanm\u0131\u015f g\u00fcvenilir ve b\u00fcy\u00fcmeye a\u00e7\u0131k Gigaset N720 IP PRO B\u00fcy\u00fcyen organizasyonlar i\u00e7in ideal olan veya daha b\u00fcy\u00fck i\u015fletmeleri de kapsayacak olan Gigaset N720IP sistemi, 100&#8217;e kadar DECT el cihaz\u0131n\u0131, 30&#8217;a kadar paralel aramay\u0131 destekleyebilir ve kapsam\u0131n geni\u015fletilmesi ve kullan\u0131c\u0131 say\u0131s\u0131n\u0131n art\u0131r\u0131lmas\u0131 i\u00e7in 30&#8217;a kadar baz istasyonuna kolayl\u0131kla ba\u011flan\u0131lmas\u0131n\u0131 sa\u011flar. N720IP ayn\u0131 zamanda, b\u00fcy\u00fcmekte [&hellip;]<\/p>\n","protected":false},"featured_media":683,"comment_status":"closed","ping_status":"closed","template":"","meta":[],"product_brand":[],"product_cat":[97],"product_tag":[72,57,62,60,69,140,143,70,58,64,53,54,63,67,75,66,56],"class_list":{"0":"post-681","1":"product","2":"type-product","3":"status-publish","4":"has-post-thumbnail","6":"product_cat-gigaset","7":"product_tag-adsl-fiber","8":"product_tag-alcatel-santral-servisi","9":"product_tag-bagcilar-santral-servisi","10":"product_tag-bulut-santral","11":"product_tag-gigaset-dect","12":"product_tag-gigaset-n510-ip-pro-baz-unitesi","13":"product_tag-gigaset-n720-ip-pro","14":"product_tag-gigaset-telsiz","15":"product_tag-ip-dect-sistemleri","16":"product_tag-istanbul-santralci","17":"product_tag-istoc-santral-servisi","18":"product_tag-karel-santral-servisi","19":"product_tag-mahmutbey-santral-servisi","20":"product_tag-siemens-dect","21":"product_tag-telesis-marmara-bolge-servisi","22":"product_tag-telesis-mr7-santral","23":"product_tag-telesis-santral-servisi","25":"first","26":"instock","27":"taxable","28":"shipping-taxable","29":"product-type-simple"},"yoast_head":"<!-- This site is optimized with the Yoast SEO plugin v26.6 - https:\/\/yoast.com\/wordpress\/plugins\/seo\/ -->\n<title>Gigaset N720 IP PRO - ALSES TELEKOM<\/title>\n<meta name=\"description\" content=\"B\u00fcy\u00fcyen organizasyonlar i\u00e7in ideal olan veya daha b\u00fcy\u00fck i\u015fletmeleri de kapsayacak olan Gigaset N720 IP PRO sistemi, 100&#039;e kadar DECT el cihaz\u0131n\u0131, 30&#039;a kadar paralel aramay\u0131 destekleyebilir ve kapsam\u0131n geni\u015fletilmesi ve kullan\u0131c\u0131 say\u0131s\u0131n\u0131n art\u0131r\u0131lmas\u0131 i\u00e7in 30&#039;a kadar baz istasyonuna kolayl\u0131kla ba\u011flan\u0131lmas\u0131n\u0131 sa\u011flar.\" \/>\n<meta name=\"robots\" content=\"index, follow, max-snippet:-1, max-image-preview:large, max-video-preview:-1\" \/>\n<link rel=\"canonical\" href=\"https:\/\/www.alsestelekom.com\/index.php\/urun\/gigaset-n720-ip-pro\/\" \/>\n<meta property=\"og:locale\" content=\"tr_TR\" \/>\n<meta property=\"og:type\" content=\"article\" \/>\n<meta property=\"og:title\" content=\"Gigaset N720 IP PRO - ALSES TELEKOM\" \/>\n<meta property=\"og:description\" content=\"B\u00fcy\u00fcyen organizasyonlar i\u00e7in ideal olan veya daha b\u00fcy\u00fck i\u015fletmeleri de kapsayacak olan Gigaset N720 IP PRO sistemi, 100&#039;e kadar DECT el cihaz\u0131n\u0131, 30&#039;a kadar paralel aramay\u0131 destekleyebilir ve kapsam\u0131n geni\u015fletilmesi ve kullan\u0131c\u0131 say\u0131s\u0131n\u0131n art\u0131r\u0131lmas\u0131 i\u00e7in 30&#039;a kadar baz istasyonuna kolayl\u0131kla ba\u011flan\u0131lmas\u0131n\u0131 sa\u011flar.\" \/>\n<meta property=\"og:url\" content=\"https:\/\/www.alsestelekom.com\/index.php\/urun\/gigaset-n720-ip-pro\/\" \/>\n<meta property=\"og:site_name\" content=\"ALSES TELEKOM\" \/>\n<meta property=\"article:publisher\" content=\"https:\/\/www.facebook.com\/alsestelekomhaberlesme\/\" \/>\n<meta property=\"article:modified_time\" content=\"2023-09-12T14:52:12+00:00\" \/>\n<meta property=\"og:image\" content=\"https:\/\/www.alsestelekom.com\/wp-content\/uploads\/2019\/07\/N720IP.jpg\" \/>\n\t<meta property=\"og:image:width\" content=\"1000\" \/>\n\t<meta property=\"og:image:height\" content=\"1000\" \/>\n\t<meta property=\"og:image:type\" content=\"image\/jpeg\" \/>\n<meta name=\"twitter:card\" content=\"summary_large_image\" \/>\n<meta name=\"twitter:label1\" content=\"Tahmini okuma s\u00fcresi\" \/>\n\t<meta name=\"twitter:data1\" content=\"1 dakika\" \/>\n<script type=\"application\/ld+json\" class=\"yoast-schema-graph\">{\"@context\":\"https:\/\/schema.org\",\"@graph\":[{\"@type\":\"WebPage\",\"@id\":\"https:\/\/www.alsestelekom.com\/index.php\/urun\/gigaset-n720-ip-pro\/\",\"url\":\"https:\/\/www.alsestelekom.com\/index.php\/urun\/gigaset-n720-ip-pro\/\",\"name\":\"Gigaset N720 IP PRO - ALSES TELEKOM\",\"isPartOf\":{\"@id\":\"https:\/\/www.alsestelekom.com\/#website\"},\"primaryImageOfPage\":{\"@id\":\"https:\/\/www.alsestelekom.com\/index.php\/urun\/gigaset-n720-ip-pro\/#primaryimage\"},\"image\":{\"@id\":\"https:\/\/www.alsestelekom.com\/index.php\/urun\/gigaset-n720-ip-pro\/#primaryimage\"},\"thumbnailUrl\":\"https:\/\/www.alsestelekom.com\/wp-content\/uploads\/2019\/07\/N720IP.jpg\",\"datePublished\":\"2019-07-16T20:52:02+00:00\",\"dateModified\":\"2023-09-12T14:52:12+00:00\",\"description\":\"B\u00fcy\u00fcyen organizasyonlar i\u00e7in ideal olan veya daha b\u00fcy\u00fck i\u015fletmeleri de kapsayacak olan Gigaset N720 IP PRO sistemi, 100'e kadar DECT el cihaz\u0131n\u0131, 30'a kadar paralel aramay\u0131 destekleyebilir ve kapsam\u0131n geni\u015fletilmesi ve kullan\u0131c\u0131 say\u0131s\u0131n\u0131n art\u0131r\u0131lmas\u0131 i\u00e7in 30'a kadar baz istasyonuna kolayl\u0131kla ba\u011flan\u0131lmas\u0131n\u0131 sa\u011flar.\",\"breadcrumb\":{\"@id\":\"https:\/\/www.alsestelekom.com\/index.php\/urun\/gigaset-n720-ip-pro\/#breadcrumb\"},\"inLanguage\":\"tr\",\"potentialAction\":[{\"@type\":\"ReadAction\",\"target\":[\"https:\/\/www.alsestelekom.com\/index.php\/urun\/gigaset-n720-ip-pro\/\"]}]},{\"@type\":\"ImageObject\",\"inLanguage\":\"tr\",\"@id\":\"https:\/\/www.alsestelekom.com\/index.php\/urun\/gigaset-n720-ip-pro\/#primaryimage\",\"url\":\"https:\/\/www.alsestelekom.com\/wp-content\/uploads\/2019\/07\/N720IP.jpg\",\"contentUrl\":\"https:\/\/www.alsestelekom.com\/wp-content\/uploads\/2019\/07\/N720IP.jpg\",\"width\":1000,\"height\":1000},{\"@type\":\"BreadcrumbList\",\"@id\":\"https:\/\/www.alsestelekom.com\/index.php\/urun\/gigaset-n720-ip-pro\/#breadcrumb\",\"itemListElement\":[{\"@type\":\"ListItem\",\"position\":1,\"name\":\"Ana sayfa\",\"item\":\"https:\/\/www.alsestelekom.com\/\"},{\"@type\":\"ListItem\",\"position\":2,\"name\":\"Ma\u011faza\",\"item\":\"https:\/\/www.alsestelekom.com\/index.php\/magaza\/\"},{\"@type\":\"ListItem\",\"position\":3,\"name\":\"Gigaset N720 IP PRO\"}]},{\"@type\":\"WebSite\",\"@id\":\"https:\/\/www.alsestelekom.com\/#website\",\"url\":\"https:\/\/www.alsestelekom.com\/\",\"name\":\"ALSES TELEKOM\",\"description\":\"Telesis Karel Kurumsal \u00c7\u00f6z\u00fcmler Destek Ortakl\u0131\u011f\u0131\",\"publisher\":{\"@id\":\"https:\/\/www.alsestelekom.com\/#organization\"},\"potentialAction\":[{\"@type\":\"SearchAction\",\"target\":{\"@type\":\"EntryPoint\",\"urlTemplate\":\"https:\/\/www.alsestelekom.com\/?s={search_term_string}\"},\"query-input\":{\"@type\":\"PropertyValueSpecification\",\"valueRequired\":true,\"valueName\":\"search_term_string\"}}],\"inLanguage\":\"tr\"},{\"@type\":\"Organization\",\"@id\":\"https:\/\/www.alsestelekom.com\/#organization\",\"name\":\"Alses Telekom\",\"url\":\"https:\/\/www.alsestelekom.com\/\",\"logo\":{\"@type\":\"ImageObject\",\"inLanguage\":\"tr\",\"@id\":\"https:\/\/www.alsestelekom.com\/#\/schema\/logo\/image\/\",\"url\":\"http:\/\/localhost\/wp\/wp-content\/uploads\/2019\/07\/logos.png\",\"contentUrl\":\"http:\/\/localhost\/wp\/wp-content\/uploads\/2019\/07\/logos.png\",\"width\":475,\"height\":133,\"caption\":\"Alses Telekom\"},\"image\":{\"@id\":\"https:\/\/www.alsestelekom.com\/#\/schema\/logo\/image\/\"},\"sameAs\":[\"https:\/\/www.facebook.com\/alsestelekomhaberlesme\/\",\"https:\/\/www.instagram.com\/alsestelekom\/\"]}]}<\/script>\n<!-- \/ Yoast SEO plugin. -->","yoast_head_json":{"title":"Gigaset N720 IP PRO - ALSES TELEKOM","description":"B\u00fcy\u00fcyen organizasyonlar i\u00e7in ideal olan veya daha b\u00fcy\u00fck i\u015fletmeleri de kapsayacak olan Gigaset N720 IP PRO sistemi, 100'e kadar DECT el cihaz\u0131n\u0131, 30'a kadar paralel aramay\u0131 destekleyebilir ve kapsam\u0131n geni\u015fletilmesi ve kullan\u0131c\u0131 say\u0131s\u0131n\u0131n art\u0131r\u0131lmas\u0131 i\u00e7in 30'a kadar baz istasyonuna kolayl\u0131kla ba\u011flan\u0131lmas\u0131n\u0131 sa\u011flar.","robots":{"index":"index","follow":"follow","max-snippet":"max-snippet:-1","max-image-preview":"max-image-preview:large","max-video-preview":"max-video-preview:-1"},"canonical":"https:\/\/www.alsestelekom.com\/index.php\/urun\/gigaset-n720-ip-pro\/","og_locale":"tr_TR","og_type":"article","og_title":"Gigaset N720 IP PRO - ALSES TELEKOM","og_description":"B\u00fcy\u00fcyen organizasyonlar i\u00e7in ideal olan veya daha b\u00fcy\u00fck i\u015fletmeleri de kapsayacak olan Gigaset N720 IP PRO sistemi, 100'e kadar DECT el cihaz\u0131n\u0131, 30'a kadar paralel aramay\u0131 destekleyebilir ve kapsam\u0131n geni\u015fletilmesi ve kullan\u0131c\u0131 say\u0131s\u0131n\u0131n art\u0131r\u0131lmas\u0131 i\u00e7in 30'a kadar baz istasyonuna kolayl\u0131kla ba\u011flan\u0131lmas\u0131n\u0131 sa\u011flar.","og_url":"https:\/\/www.alsestelekom.com\/index.php\/urun\/gigaset-n720-ip-pro\/","og_site_name":"ALSES TELEKOM","article_publisher":"https:\/\/www.facebook.com\/alsestelekomhaberlesme\/","article_modified_time":"2023-09-12T14:52:12+00:00","og_image":[{"width":1000,"height":1000,"url":"https:\/\/www.alsestelekom.com\/wp-content\/uploads\/2019\/07\/N720IP.jpg","type":"image\/jpeg"}],"twitter_card":"summary_large_image","twitter_misc":{"Tahmini okuma s\u00fcresi":"1 dakika"},"schema":{"@context":"https:\/\/schema.org","@graph":[{"@type":"WebPage","@id":"https:\/\/www.alsestelekom.com\/index.php\/urun\/gigaset-n720-ip-pro\/","url":"https:\/\/www.alsestelekom.com\/index.php\/urun\/gigaset-n720-ip-pro\/","name":"Gigaset N720 IP PRO - ALSES TELEKOM","isPartOf":{"@id":"https:\/\/www.alsestelekom.com\/#website"},"primaryImageOfPage":{"@id":"https:\/\/www.alsestelekom.com\/index.php\/urun\/gigaset-n720-ip-pro\/#primaryimage"},"image":{"@id":"https:\/\/www.alsestelekom.com\/index.php\/urun\/gigaset-n720-ip-pro\/#primaryimage"},"thumbnailUrl":"https:\/\/www.alsestelekom.com\/wp-content\/uploads\/2019\/07\/N720IP.jpg","datePublished":"2019-07-16T20:52:02+00:00","dateModified":"2023-09-12T14:52:12+00:00","description":"B\u00fcy\u00fcyen organizasyonlar i\u00e7in ideal olan veya daha b\u00fcy\u00fck i\u015fletmeleri de kapsayacak olan Gigaset N720 IP PRO sistemi, 100'e kadar DECT el cihaz\u0131n\u0131, 30'a kadar paralel aramay\u0131 destekleyebilir ve kapsam\u0131n geni\u015fletilmesi ve kullan\u0131c\u0131 say\u0131s\u0131n\u0131n art\u0131r\u0131lmas\u0131 i\u00e7in 30'a kadar baz istasyonuna kolayl\u0131kla ba\u011flan\u0131lmas\u0131n\u0131 sa\u011flar.","breadcrumb":{"@id":"https:\/\/www.alsestelekom.com\/index.php\/urun\/gigaset-n720-ip-pro\/#breadcrumb"},"inLanguage":"tr","potentialAction":[{"@type":"ReadAction","target":["https:\/\/www.alsestelekom.com\/index.php\/urun\/gigaset-n720-ip-pro\/"]}]},{"@type":"ImageObject","inLanguage":"tr","@id":"https:\/\/www.alsestelekom.com\/index.php\/urun\/gigaset-n720-ip-pro\/#primaryimage","url":"https:\/\/www.alsestelekom.com\/wp-content\/uploads\/2019\/07\/N720IP.jpg","contentUrl":"https:\/\/www.alsestelekom.com\/wp-content\/uploads\/2019\/07\/N720IP.jpg","width":1000,"height":1000},{"@type":"BreadcrumbList","@id":"https:\/\/www.alsestelekom.com\/index.php\/urun\/gigaset-n720-ip-pro\/#breadcrumb","itemListElement":[{"@type":"ListItem","position":1,"name":"Ana sayfa","item":"https:\/\/www.alsestelekom.com\/"},{"@type":"ListItem","position":2,"name":"Ma\u011faza","item":"https:\/\/www.alsestelekom.com\/index.php\/magaza\/"},{"@type":"ListItem","position":3,"name":"Gigaset N720 IP PRO"}]},{"@type":"WebSite","@id":"https:\/\/www.alsestelekom.com\/#website","url":"https:\/\/www.alsestelekom.com\/","name":"ALSES TELEKOM","description":"Telesis Karel Kurumsal \u00c7\u00f6z\u00fcmler Destek Ortakl\u0131\u011f\u0131","publisher":{"@id":"https:\/\/www.alsestelekom.com\/#organization"},"potentialAction":[{"@type":"SearchAction","target":{"@type":"EntryPoint","urlTemplate":"https:\/\/www.alsestelekom.com\/?s={search_term_string}"},"query-input":{"@type":"PropertyValueSpecification","valueRequired":true,"valueName":"search_term_string"}}],"inLanguage":"tr"},{"@type":"Organization","@id":"https:\/\/www.alsestelekom.com\/#organization","name":"Alses Telekom","url":"https:\/\/www.alsestelekom.com\/","logo":{"@type":"ImageObject","inLanguage":"tr","@id":"https:\/\/www.alsestelekom.com\/#\/schema\/logo\/image\/","url":"http:\/\/localhost\/wp\/wp-content\/uploads\/2019\/07\/logos.png","contentUrl":"http:\/\/localhost\/wp\/wp-content\/uploads\/2019\/07\/logos.png","width":475,"height":133,"caption":"Alses Telekom"},"image":{"@id":"https:\/\/www.alsestelekom.com\/#\/schema\/logo\/image\/"},"sameAs":["https:\/\/www.facebook.com\/alsestelekomhaberlesme\/","https:\/\/www.instagram.com\/alsestelekom\/"]}]}},"_links":{"self":[{"href":"https:\/\/www.alsestelekom.com\/index.php\/wp-json\/wp\/v2\/product\/681","targetHints":{"allow":["GET"]}}],"collection":[{"href":"https:\/\/www.alsestelekom.com\/index.php\/wp-json\/wp\/v2\/product"}],"about":[{"href":"https:\/\/www.alsestelekom.com\/index.php\/wp-json\/wp\/v2\/types\/product"}],"replies":[{"embeddable":true,"href":"https:\/\/www.alsestelekom.com\/index.php\/wp-json\/wp\/v2\/comments?post=681"}],"wp:featuredmedia":[{"embeddable":true,"href":"https:\/\/www.alsestelekom.com\/index.php\/wp-json\/wp\/v2\/media\/683"}],"wp:attachment":[{"href":"https:\/\/www.alsestelekom.com\/index.php\/wp-json\/wp\/v2\/media?parent=681"}],"wp:term":[{"taxonomy":"product_brand","embeddable":true,"href":"https:\/\/www.alsestelekom.com\/index.php\/wp-json\/wp\/v2\/product_brand?post=681"},{"taxonomy":"product_cat","embeddable":true,"href":"https:\/\/www.alsestelekom.com\/index.php\/wp-json\/wp\/v2\/product_cat?post=681"},{"taxonomy":"product_tag","embeddable":true,"href":"https:\/\/www.alsestelekom.com\/index.php\/wp-json\/wp\/v2\/product_tag?post=681"}],"curies":[{"name":"wp","href":"https:\/\/api.w.org\/{rel}","templated":true}]}}